{"id":1472,"date":"2020-12-21T14:35:14","date_gmt":"2020-12-21T12:35:14","guid":{"rendered":"http:\/\/timhackemack.de\/?page_id=1472"},"modified":"2020-12-21T14:47:55","modified_gmt":"2020-12-21T12:47:55","slug":"more-than-fashion","status":"publish","type":"page","link":"https:\/\/timhackemack.de\/?page_id=1472","title":{"rendered":"More than Fashion"},"content":{"rendered":"<p><a href=\"http:\/\/timhackemack.de\/?attachment_id=1473\" rel=\"attachment wp-att-1473\"><img loading=\"lazy\" class=\"alignleft size-medium wp-image-1473\" src=\"http:\/\/timhackemack.de\/wp-content\/uploads\/2020\/12\/Morethanfashion_Cover-217x300.jpg\" alt=\"\" width=\"217\" height=\"300\" srcset=\"https:\/\/timhackemack.de\/wp-content\/uploads\/2020\/12\/Morethanfashion_Cover-217x300.jpg 217w, https:\/\/timhackemack.de\/wp-content\/uploads\/2020\/12\/Morethanfashion_Cover-768x1061.jpg 768w, https:\/\/timhackemack.de\/wp-content\/uploads\/2020\/12\/Morethanfashion_Cover-741x1024.jpg 741w\" sizes=\"(max-width: 217px) 100vw, 217px\" \/><\/a><\/p>\n<p>Gebundene Ausgabe: 432 Seiten<\/p>\n<p>Erschienen: 01.11.2018<\/p>\n<p>Verlag: Hirnkost KG<\/p>\n<p>ISBN-10: <span class=\"a-list-item\">3947380194<\/span><\/p>\n<p>ISBN-13: <span class=\"a-list-item\">978-3947380190<\/span><\/p>\n<p>Preis: 36\u20ac<\/p>\n<p>Hier k\u00f6nnt ihr es kaufen: <a href=\"https:\/\/shop.hirnkost.de\/produkt\/more-than-fashion\/\">More than Fashion<\/a><\/p>\n<p>&nbsp;<\/p>\n<p>\u00dcber 100 Kutten und ihre Geschichten auf \u00fcber 400 Seiten.<\/p>\n<p>Zuallererst: Dies ist kein schei\u00df Modebuch. Mode ist etwas Verg\u00e4ngliches, h\u00e4lt meist nicht l\u00e4nger als einen Sommer.<br \/>\nSelbst die uninspiriertesten Punkmitl\u00e4ufer haben es meist l\u00e4nger als eine Modeperiode durchgehalten. Andersrum m\u00f6chte ich sagen: Wer Punk f\u00fcr Mode h\u00e4lt, hat das Wichtigste nicht verstanden.<\/p>\n<p>&nbsp;<\/p>\n<p>&nbsp;<\/p>\n","protected":false},"excerpt":{"rendered":"<p>Gebundene Ausgabe: 432 Seiten Erschienen: 01.11.2018 Verlag: Hirnkost KG ISBN-10: 3947380194 ISBN-13: 978-3947380190 Preis: 36\u20ac Hier k\u00f6nnt ihr es kaufen: More than Fashion &nbsp; \u00dcber 100 Kutten und ihre Geschichten auf \u00fcber 400 Seiten. Zuallererst: Dies ist kein schei\u00df Modebuch. Mode ist etwas Verg\u00e4ngliches, h\u00e4lt meist nicht l\u00e4nger als einen Sommer. Selbst die uninspiriertesten Punkmitl\u00e4ufer<\/p>\n<div class=\"more-link\">\n\t\t\t\t <a href=\"https:\/\/timhackemack.de\/?page_id=1472\" class=\"link-btn theme-btn\"><span>Weiterlesen <\/span> <i class=\"fa fa-caret-right\"><\/i><\/a>\n\t\t\t<\/div>\n","protected":false},"author":1,"featured_media":0,"parent":0,"menu_order":0,"comment_status":"closed","ping_status":"closed","template":"","meta":[],"_links":{"self":[{"href":"https:\/\/timhackemack.de\/index.php?rest_route=\/wp\/v2\/pages\/1472"}],"collection":[{"href":"https:\/\/timhackemack.de\/index.php?rest_route=\/wp\/v2\/pages"}],"about":[{"href":"https:\/\/timhackemack.de\/index.php?rest_route=\/wp\/v2\/types\/page"}],"author":[{"embeddable":true,"href":"https:\/\/timhackemack.de\/index.php?rest_route=\/wp\/v2\/users\/1"}],"replies":[{"embeddable":true,"href":"https:\/\/timhackemack.de\/index.php?rest_route=%2Fwp%2Fv2%2Fcomments&post=1472"}],"version-history":[{"count":4,"href":"https:\/\/timhackemack.de\/index.php?rest_route=\/wp\/v2\/pages\/1472\/revisions"}],"predecessor-version":[{"id":1490,"href":"https:\/\/timhackemack.de\/index.php?rest_route=\/wp\/v2\/pages\/1472\/revisions\/1490"}],"wp:attachment":[{"href":"https:\/\/timhackemack.de\/index.php?rest_route=%2Fwp%2Fv2%2Fmedia&parent=1472"}],"curies":[{"name":"wp","href":"https:\/\/api.w.org\/{rel}","templated":true}]}}