{"id":1666,"date":"2022-03-11T12:01:39","date_gmt":"2022-03-11T10:01:39","guid":{"rendered":"http:\/\/timhackemack.de\/?page_id=1666"},"modified":"2022-03-11T12:01:39","modified_gmt":"2022-03-11T10:01:39","slug":"podcasts","status":"publish","type":"page","link":"https:\/\/timhackemack.de\/?page_id=1666","title":{"rendered":"Podcasts"},"content":{"rendered":"\n<div class=\"wp-block-columns are-vertically-aligned-center\">\n<div class=\"wp-block-column is-vertically-aligned-center\" style=\"flex-basis:100%\"><\/div>\n<\/div>\n\n\n\n<p>Korbleger &#8211; Ein Basketball Podcast f\u00fcr Kids. H\u00f6rt mal rein!<\/p>\n\n\n\n<figure class=\"wp-block-image size-large\"><a href=\"https:\/\/korbleger.podigee.io\"><img loading=\"lazy\" width=\"683\" height=\"1024\" src=\"http:\/\/timhackemack.de\/wp-content\/uploads\/2022\/02\/Korbleger-small-683x1024.jpg\" alt=\"\" class=\"wp-image-1667\" srcset=\"https:\/\/timhackemack.de\/wp-content\/uploads\/2022\/02\/Korbleger-small-683x1024.jpg 683w, https:\/\/timhackemack.de\/wp-content\/uploads\/2022\/02\/Korbleger-small-200x300.jpg 200w, https:\/\/timhackemack.de\/wp-content\/uploads\/2022\/02\/Korbleger-small-768x1152.jpg 768w, https:\/\/timhackemack.de\/wp-content\/uploads\/2022\/02\/Korbleger-small-1024x1536.jpg 1024w, https:\/\/timhackemack.de\/wp-content\/uploads\/2022\/02\/Korbleger-small-1140x1710.jpg 1140w, https:\/\/timhackemack.de\/wp-content\/uploads\/2022\/02\/Korbleger-small.jpg 1280w\" sizes=\"(max-width: 683px) 100vw, 683px\" \/><\/a><\/figure>\n\n\n\n<p>Fiete Freude Eierkuchen &#8211; Ein Podcast \u00fcber Tiere f\u00fcr Kinder.<\/p>\n\n\n\n<figure class=\"wp-block-image size-large\"><a href=\"http:\/\/timhackemack.de\/wp-content\/uploads\/2022\/03\/DSCF4312-Bearbeitets.jpg\"><img loading=\"lazy\" width=\"716\" height=\"1024\" src=\"http:\/\/timhackemack.de\/wp-content\/uploads\/2022\/03\/DSCF4312-Bearbeitets-716x1024.jpg\" alt=\"\" class=\"wp-image-1670\" srcset=\"https:\/\/timhackemack.de\/wp-content\/uploads\/2022\/03\/DSCF4312-Bearbeitets-716x1024.jpg 716w, https:\/\/timhackemack.de\/wp-content\/uploads\/2022\/03\/DSCF4312-Bearbeitets-210x300.jpg 210w, https:\/\/timhackemack.de\/wp-content\/uploads\/2022\/03\/DSCF4312-Bearbeitets-768x1098.jpg 768w, https:\/\/timhackemack.de\/wp-content\/uploads\/2022\/03\/DSCF4312-Bearbeitets.jpg 1024w\" sizes=\"(max-width: 716px) 100vw, 716px\" \/><\/a><\/figure>\n","protected":false},"excerpt":{"rendered":"<p>Korbleger &#8211; Ein Basketball Podcast f\u00fcr Kids. H\u00f6rt mal rein! Fiete Freude Eierkuchen &#8211; Ein Podcast \u00fcber Tiere f\u00fcr Kinder.<\/p>\n","protected":false},"author":1,"featured_media":0,"parent":0,"menu_order":0,"comment_status":"closed","ping_status":"closed","template":"","meta":[],"_links":{"self":[{"href":"https:\/\/timhackemack.de\/index.php?rest_route=\/wp\/v2\/pages\/1666"}],"collection":[{"href":"https:\/\/timhackemack.de\/index.php?rest_route=\/wp\/v2\/pages"}],"about":[{"href":"https:\/\/timhackemack.de\/index.php?rest_route=\/wp\/v2\/types\/page"}],"author":[{"embeddable":true,"href":"https:\/\/timhackemack.de\/index.php?rest_route=\/wp\/v2\/users\/1"}],"replies":[{"embeddable":true,"href":"https:\/\/timhackemack.de\/index.php?rest_route=%2Fwp%2Fv2%2Fcomments&post=1666"}],"version-history":[{"count":2,"href":"https:\/\/timhackemack.de\/index.php?rest_route=\/wp\/v2\/pages\/1666\/revisions"}],"predecessor-version":[{"id":1672,"href":"https:\/\/timhackemack.de\/index.php?rest_route=\/wp\/v2\/pages\/1666\/revisions\/1672"}],"wp:attachment":[{"href":"https:\/\/timhackemack.de\/index.php?rest_route=%2Fwp%2Fv2%2Fmedia&parent=1666"}],"curies":[{"name":"wp","href":"https:\/\/api.w.org\/{rel}","templated":true}]}}