{"id":513,"date":"2014-02-20T23:22:08","date_gmt":"2014-02-20T21:22:08","guid":{"rendered":"http:\/\/timhackemack.de\/?page_id=513"},"modified":"2026-03-11T22:34:08","modified_gmt":"2026-03-11T20:34:08","slug":"news","status":"publish","type":"page","link":"https:\/\/timhackemack.de\/","title":{"rendered":"News"},"content":{"rendered":"\n<p>Ich habe ein neues Projekt gestartet. Eine Fotoreihe nur \u00fcber Basketball aus M\u00fcnster. Schaut mal rein unter <a href=\"http:\/\/www.basketballms.de\">www.basketballms.de<\/a><\/p>\n\n\n\n<figure class=\"wp-block-image size-large\"><a href=\"www.basketballms.de\"><img loading=\"lazy\" width=\"1024\" height=\"1024\" src=\"https:\/\/timhackemack.de\/wp-content\/uploads\/2026\/03\/Logo-1024x1024.jpg\" alt=\"\" class=\"wp-image-2770\" srcset=\"https:\/\/timhackemack.de\/wp-content\/uploads\/2026\/03\/Logo-1024x1024.jpg 1024w, https:\/\/timhackemack.de\/wp-content\/uploads\/2026\/03\/Logo-300x300.jpg 300w, https:\/\/timhackemack.de\/wp-content\/uploads\/2026\/03\/Logo-150x150.jpg 150w, https:\/\/timhackemack.de\/wp-content\/uploads\/2026\/03\/Logo-768x768.jpg 768w, https:\/\/timhackemack.de\/wp-content\/uploads\/2026\/03\/Logo-1536x1536.jpg 1536w, https:\/\/timhackemack.de\/wp-content\/uploads\/2026\/03\/Logo-2048x2048.jpg 2048w\" sizes=\"(max-width: 1024px) 100vw, 1024px\" \/><\/a><\/figure>\n\n\n\n<p>Das sagt die Zeitung zu Weihnachten auf dem Plattenteller<\/p>\n\n\n\n<figure class=\"wp-block-gallery columns-1 is-cropped\"><ul class=\"blocks-gallery-grid\"><li class=\"blocks-gallery-item\"><figure><a href=\"https:\/\/timhackemack.de\/wp-content\/uploads\/2025\/12\/IMG-20251221-WA0035.jpg\"><img loading=\"lazy\" width=\"768\" height=\"1024\" src=\"https:\/\/timhackemack.de\/wp-content\/uploads\/2025\/12\/IMG-20251221-WA0035-768x1024.jpg\" alt=\"\" data-id=\"2211\" data-full-url=\"https:\/\/timhackemack.de\/wp-content\/uploads\/2025\/12\/IMG-20251221-WA0035.jpg\" data-link=\"https:\/\/timhackemack.de\/?attachment_id=2211\" class=\"wp-image-2211\" srcset=\"https:\/\/timhackemack.de\/wp-content\/uploads\/2025\/12\/IMG-20251221-WA0035-768x1024.jpg 768w, https:\/\/timhackemack.de\/wp-content\/uploads\/2025\/12\/IMG-20251221-WA0035-225x300.jpg 225w, https:\/\/timhackemack.de\/wp-content\/uploads\/2025\/12\/IMG-20251221-WA0035-1152x1536.jpg 1152w, https:\/\/timhackemack.de\/wp-content\/uploads\/2025\/12\/IMG-20251221-WA0035.jpg 1536w\" sizes=\"(max-width: 768px) 100vw, 768px\" \/><\/a><\/figure><\/li><\/ul><\/figure>\n\n\n\n<h2>Und auch dieses Jahr wieder&#8230;<\/h2>\n\n\n\n<figure class=\"wp-block-gallery columns-1 is-cropped\"><ul class=\"blocks-gallery-grid\"><li class=\"blocks-gallery-item\"><figure><a href=\"https:\/\/timhackemack.de\/wp-content\/uploads\/2025\/11\/image3.jpg\"><img loading=\"lazy\" width=\"1024\" height=\"1024\" src=\"https:\/\/timhackemack.de\/wp-content\/uploads\/2025\/11\/image3-1024x1024.jpg\" alt=\"\" data-id=\"2206\" data-full-url=\"https:\/\/timhackemack.de\/wp-content\/uploads\/2025\/11\/image3.jpg\" data-link=\"https:\/\/timhackemack.de\/?attachment_id=2206\" class=\"wp-image-2206\" srcset=\"https:\/\/timhackemack.de\/wp-content\/uploads\/2025\/11\/image3.jpg 1024w, https:\/\/timhackemack.de\/wp-content\/uploads\/2025\/11\/image3-300x300.jpg 300w, https:\/\/timhackemack.de\/wp-content\/uploads\/2025\/11\/image3-150x150.jpg 150w, https:\/\/timhackemack.de\/wp-content\/uploads\/2025\/11\/image3-768x768.jpg 768w\" sizes=\"(max-width: 1024px) 100vw, 1024px\" \/><\/a><\/figure><\/li><\/ul><\/figure>\n\n\n\n<figure class=\"wp-block-gallery columns-1 is-cropped\"><ul class=\"blocks-gallery-grid\"><li class=\"blocks-gallery-item\"><figure><a href=\"http:\/\/timhackemack.de\/wp-content\/uploads\/2025\/12\/IMG_20251113_061829-1-scaled.jpg\"><img loading=\"lazy\" width=\"1024\" height=\"768\" src=\"http:\/\/timhackemack.de\/wp-content\/uploads\/2025\/12\/IMG_20251113_061829-1-1024x768.jpg\" alt=\"\" data-id=\"2210\" data-full-url=\"http:\/\/timhackemack.de\/wp-content\/uploads\/2025\/12\/IMG_20251113_061829-1-scaled.jpg\" data-link=\"http:\/\/timhackemack.de\/?attachment_id=2210\" class=\"wp-image-2210\" srcset=\"https:\/\/timhackemack.de\/wp-content\/uploads\/2025\/12\/IMG_20251113_061829-1-1024x768.jpg 1024w, https:\/\/timhackemack.de\/wp-content\/uploads\/2025\/12\/IMG_20251113_061829-1-300x225.jpg 300w, https:\/\/timhackemack.de\/wp-content\/uploads\/2025\/12\/IMG_20251113_061829-1-768x576.jpg 768w, https:\/\/timhackemack.de\/wp-content\/uploads\/2025\/12\/IMG_20251113_061829-1-1536x1152.jpg 1536w, https:\/\/timhackemack.de\/wp-content\/uploads\/2025\/12\/IMG_20251113_061829-1-2048x1536.jpg 2048w\" sizes=\"(max-width: 1024px) 100vw, 1024px\" \/><\/a><\/figure><\/li><\/ul><\/figure>\n\n\n\n<figure class=\"wp-block-image size-large\"><a href=\"https:\/\/timhackemack.de\/wp-content\/uploads\/2025\/11\/Plakat-s.jpg\"><img loading=\"lazy\" width=\"724\" height=\"1024\" src=\"https:\/\/timhackemack.de\/wp-content\/uploads\/2025\/11\/Plakat-s-724x1024.jpg\" alt=\"\" class=\"wp-image-1811\" srcset=\"https:\/\/timhackemack.de\/wp-content\/uploads\/2025\/11\/Plakat-s-724x1024.jpg 724w, https:\/\/timhackemack.de\/wp-content\/uploads\/2025\/11\/Plakat-s-212x300.jpg 212w, https:\/\/timhackemack.de\/wp-content\/uploads\/2025\/11\/Plakat-s-768x1086.jpg 768w, https:\/\/timhackemack.de\/wp-content\/uploads\/2025\/11\/Plakat-s-1086x1536.jpg 1086w, https:\/\/timhackemack.de\/wp-content\/uploads\/2025\/11\/Plakat-s-1448x2048.jpg 1448w, https:\/\/timhackemack.de\/wp-content\/uploads\/2025\/11\/Plakat-s-1140x1613.jpg 1140w, https:\/\/timhackemack.de\/wp-content\/uploads\/2025\/11\/Plakat-s.jpg 1754w\" sizes=\"(max-width: 724px) 100vw, 724px\" \/><\/a><\/figure>\n\n\n\n<figure class=\"wp-block-image size-large\"><a href=\"https:\/\/timhackemack.de\/wp-content\/uploads\/2025\/11\/Weihnachten-auf-dem-Plattenteller.jpg\"><img loading=\"lazy\" width=\"1024\" height=\"1024\" src=\"https:\/\/timhackemack.de\/wp-content\/uploads\/2025\/11\/Weihnachten-auf-dem-Plattenteller-1024x1024.jpg\" alt=\"\" class=\"wp-image-1812\" srcset=\"https:\/\/timhackemack.de\/wp-content\/uploads\/2025\/11\/Weihnachten-auf-dem-Plattenteller-1024x1024.jpg 1024w, https:\/\/timhackemack.de\/wp-content\/uploads\/2025\/11\/Weihnachten-auf-dem-Plattenteller-300x300.jpg 300w, https:\/\/timhackemack.de\/wp-content\/uploads\/2025\/11\/Weihnachten-auf-dem-Plattenteller-150x150.jpg 150w, https:\/\/timhackemack.de\/wp-content\/uploads\/2025\/11\/Weihnachten-auf-dem-Plattenteller-768x768.jpg 768w, https:\/\/timhackemack.de\/wp-content\/uploads\/2025\/11\/Weihnachten-auf-dem-Plattenteller-1536x1536.jpg 1536w, https:\/\/timhackemack.de\/wp-content\/uploads\/2025\/11\/Weihnachten-auf-dem-Plattenteller-2048x2048.jpg 2048w, https:\/\/timhackemack.de\/wp-content\/uploads\/2025\/11\/Weihnachten-auf-dem-Plattenteller-1140x1140.jpg 1140w, https:\/\/timhackemack.de\/wp-content\/uploads\/2025\/11\/Weihnachten-auf-dem-Plattenteller-75x75.jpg 75w\" sizes=\"(max-width: 1024px) 100vw, 1024px\" \/><\/a><figcaption>Am 30.11. findet in Altenberge der j\u00e4hrliche Weihnachtsmarkt statt und ihr k\u00f6nnt mich ab 13 Uhr in der Altenberger Buchhandlung antreffen, wo ist Weihnachtsmusik vom Plattenteller zaubere. ich freue mich euch zu treffen.<\/figcaption><\/figure>\n\n\n\n<h2>Manfred-Str\u00f6her-Medienpreis des DBB<\/h2>\n\n\n\n<figure class=\"wp-block-image size-large\"><a href=\"https:\/\/timhackemack.de\/wp-content\/uploads\/2025\/11\/508816795_1297431365725898_6074380798553518776_n.jpg\"><img loading=\"lazy\" width=\"819\" height=\"1024\" src=\"https:\/\/timhackemack.de\/wp-content\/uploads\/2025\/11\/508816795_1297431365725898_6074380798553518776_n-819x1024.jpg\" alt=\"\" class=\"wp-image-1814\" srcset=\"https:\/\/timhackemack.de\/wp-content\/uploads\/2025\/11\/508816795_1297431365725898_6074380798553518776_n-819x1024.jpg 819w, https:\/\/timhackemack.de\/wp-content\/uploads\/2025\/11\/508816795_1297431365725898_6074380798553518776_n-240x300.jpg 240w, https:\/\/timhackemack.de\/wp-content\/uploads\/2025\/11\/508816795_1297431365725898_6074380798553518776_n-768x960.jpg 768w, https:\/\/timhackemack.de\/wp-content\/uploads\/2025\/11\/508816795_1297431365725898_6074380798553518776_n-1140x1425.jpg 1140w, https:\/\/timhackemack.de\/wp-content\/uploads\/2025\/11\/508816795_1297431365725898_6074380798553518776_n.jpg 1152w\" sizes=\"(max-width: 819px) 100vw, 819px\" \/><\/a><figcaption>2025 habe ich den Manfred-Str\u00f6her-Medienpreis des Deutschen Basketball Bundes gewonnen.<\/figcaption><\/figure>\n\n\n\n<figure class=\"wp-block-image size-large\"><a href=\"http:\/\/timhackemack.de\/wp-content\/uploads\/2021\/12\/Bremen-scaled.jpg\"><img loading=\"lazy\" width=\"768\" height=\"1024\" src=\"http:\/\/timhackemack.de\/wp-content\/uploads\/2021\/12\/Bremen-768x1024.jpg\" alt=\"\" class=\"wp-image-1652\" srcset=\"https:\/\/timhackemack.de\/wp-content\/uploads\/2021\/12\/Bremen-768x1024.jpg 768w, https:\/\/timhackemack.de\/wp-content\/uploads\/2021\/12\/Bremen-225x300.jpg 225w, https:\/\/timhackemack.de\/wp-content\/uploads\/2021\/12\/Bremen-1152x1536.jpg 1152w, https:\/\/timhackemack.de\/wp-content\/uploads\/2021\/12\/Bremen-1536x2048.jpg 1536w, https:\/\/timhackemack.de\/wp-content\/uploads\/2021\/12\/Bremen-1140x1520.jpg 1140w, https:\/\/timhackemack.de\/wp-content\/uploads\/2021\/12\/Bremen-scaled.jpg 1920w\" sizes=\"(max-width: 768px) 100vw, 768px\" \/><\/a><\/figure>\n\n\n\n<figure class=\"wp-block-image size-large\"><a href=\"http:\/\/timhackemack.de\/wp-content\/uploads\/2021\/12\/Shock-Records-scaled.jpg\"><img loading=\"lazy\" width=\"768\" height=\"1024\" src=\"http:\/\/timhackemack.de\/wp-content\/uploads\/2021\/12\/Shock-Records-768x1024.jpg\" alt=\"\" class=\"wp-image-1655\" srcset=\"https:\/\/timhackemack.de\/wp-content\/uploads\/2021\/12\/Shock-Records-768x1024.jpg 768w, https:\/\/timhackemack.de\/wp-content\/uploads\/2021\/12\/Shock-Records-225x300.jpg 225w, https:\/\/timhackemack.de\/wp-content\/uploads\/2021\/12\/Shock-Records-1152x1536.jpg 1152w, https:\/\/timhackemack.de\/wp-content\/uploads\/2021\/12\/Shock-Records-1536x2048.jpg 1536w, https:\/\/timhackemack.de\/wp-content\/uploads\/2021\/12\/Shock-Records-1140x1520.jpg 1140w, https:\/\/timhackemack.de\/wp-content\/uploads\/2021\/12\/Shock-Records-scaled.jpg 1920w\" sizes=\"(max-width: 768px) 100vw, 768px\" \/><\/a><\/figure>\n\n\n\n<figure class=\"wp-block-gallery columns-1 is-cropped\"><ul class=\"blocks-gallery-grid\"><li class=\"blocks-gallery-item\"><figure><a href=\"http:\/\/timhackemack.de\/wp-content\/uploads\/2021\/12\/Fotoausstellung-Hamburg-scaled.jpg\"><img loading=\"lazy\" width=\"768\" height=\"1024\" src=\"http:\/\/timhackemack.de\/wp-content\/uploads\/2021\/12\/Fotoausstellung-Hamburg-768x1024.jpg\" alt=\"\" data-id=\"1654\" data-full-url=\"http:\/\/timhackemack.de\/wp-content\/uploads\/2021\/12\/Fotoausstellung-Hamburg-scaled.jpg\" data-link=\"http:\/\/timhackemack.de\/?attachment_id=1654\" class=\"wp-image-1654\" srcset=\"https:\/\/timhackemack.de\/wp-content\/uploads\/2021\/12\/Fotoausstellung-Hamburg-768x1024.jpg 768w, https:\/\/timhackemack.de\/wp-content\/uploads\/2021\/12\/Fotoausstellung-Hamburg-225x300.jpg 225w, https:\/\/timhackemack.de\/wp-content\/uploads\/2021\/12\/Fotoausstellung-Hamburg-1152x1536.jpg 1152w, https:\/\/timhackemack.de\/wp-content\/uploads\/2021\/12\/Fotoausstellung-Hamburg-1536x2048.jpg 1536w, https:\/\/timhackemack.de\/wp-content\/uploads\/2021\/12\/Fotoausstellung-Hamburg-1140x1520.jpg 1140w, https:\/\/timhackemack.de\/wp-content\/uploads\/2021\/12\/Fotoausstellung-Hamburg-scaled.jpg 1920w\" sizes=\"(max-width: 768px) 100vw, 768px\" \/><\/a><\/figure><\/li><\/ul><\/figure>\n\n\n\n<p><strong>Neuer Podcast<\/strong><\/p>\n\n\n\n<p>Seit Mai 2021 k\u00f6nnt ihr euch immer mal wieder neue Folgen von meinem &#8222;Hit the Stage&#8220; Podcast anh\u00f6ren. Ihr findet ihn bei allen gro\u00dfen Anbietern.<\/p>\n\n\n<p style=\"text-align: center;\">\n<\/p><p style=\"text-align: center;\">Erschienen im November 2020 im Hirnkost Verlag<\/p>\n<p style=\"text-align: center;\"><a href=\"http:\/\/timhackemack.de\/?attachment_id=1477\" rel=\"attachment wp-att-1477\"><img loading=\"lazy\" class=\"wp-image-1477 size-large alignleft\" src=\"http:\/\/timhackemack.de\/wp-content\/uploads\/2020\/12\/HTS_PINK_Discharge-768x1024.jpg\" alt=\"\" width=\"768\" height=\"1024\" srcset=\"https:\/\/timhackemack.de\/wp-content\/uploads\/2020\/12\/HTS_PINK_Discharge-768x1024.jpg 768w, https:\/\/timhackemack.de\/wp-content\/uploads\/2020\/12\/HTS_PINK_Discharge-225x300.jpg 225w\" sizes=\"(max-width: 768px) 100vw, 768px\" \/><\/a><\/p>\n<p style=\"text-align: center;\">Erschienen im 2018 im Hirnkost Verlag<\/p>\n\n\n<div class=\"wp-block-image\"><figure class=\"alignleft size-large\"><a href=\"http:\/\/timhackemack.de\/wp-content\/uploads\/2020\/12\/Morethanfashion_Cover-1-scaled.jpg\"><img loading=\"lazy\" width=\"741\" height=\"1024\" src=\"http:\/\/timhackemack.de\/wp-content\/uploads\/2020\/12\/Morethanfashion_Cover-1-741x1024.jpg\" alt=\"\" class=\"wp-image-1528\" srcset=\"https:\/\/timhackemack.de\/wp-content\/uploads\/2020\/12\/Morethanfashion_Cover-1-741x1024.jpg 741w, https:\/\/timhackemack.de\/wp-content\/uploads\/2020\/12\/Morethanfashion_Cover-1-217x300.jpg 217w, https:\/\/timhackemack.de\/wp-content\/uploads\/2020\/12\/Morethanfashion_Cover-1-768x1061.jpg 768w, https:\/\/timhackemack.de\/wp-content\/uploads\/2020\/12\/Morethanfashion_Cover-1-1112x1536.jpg 1112w, https:\/\/timhackemack.de\/wp-content\/uploads\/2020\/12\/Morethanfashion_Cover-1-1482x2048.jpg 1482w, https:\/\/timhackemack.de\/wp-content\/uploads\/2020\/12\/Morethanfashion_Cover-1-1140x1575.jpg 1140w, https:\/\/timhackemack.de\/wp-content\/uploads\/2020\/12\/Morethanfashion_Cover-1-scaled.jpg 1853w\" sizes=\"(max-width: 741px) 100vw, 741px\" \/><\/a><\/figure><\/div>\n","protected":false},"excerpt":{"rendered":"<p>Ich habe ein neues Projekt gestartet. Eine Fotoreihe nur \u00fcber Basketball aus M\u00fcnster. Schaut mal rein unter www.basketballms.de Das sagt die Zeitung zu Weihnachten auf dem Plattenteller Und auch dieses Jahr wieder&#8230; Manfred-Str\u00f6her-Medienpreis des DBB Neuer Podcast Seit Mai 2021 k\u00f6nnt ihr euch immer mal wieder neue Folgen von meinem &#8222;Hit the Stage&#8220; Podcast anh\u00f6ren.<\/p>\n<div class=\"more-link\">\n\t\t\t\t <a href=\"https:\/\/timhackemack.de\/\" class=\"link-btn theme-btn\"><span>Weiterlesen <\/span> <i class=\"fa fa-caret-right\"><\/i><\/a>\n\t\t\t<\/div>\n","protected":false},"author":1,"featured_media":0,"parent":0,"menu_order":0,"comment_status":"open","ping_status":"open","template":"","meta":[],"_links":{"self":[{"href":"https:\/\/timhackemack.de\/index.php?rest_route=\/wp\/v2\/pages\/513"}],"collection":[{"href":"https:\/\/timhackemack.de\/index.php?rest_route=\/wp\/v2\/pages"}],"about":[{"href":"https:\/\/timhackemack.de\/index.php?rest_route=\/wp\/v2\/types\/page"}],"author":[{"embeddable":true,"href":"https:\/\/timhackemack.de\/index.php?rest_route=\/wp\/v2\/users\/1"}],"replies":[{"embeddable":true,"href":"https:\/\/timhackemack.de\/index.php?rest_route=%2Fwp%2Fv2%2Fcomments&post=513"}],"version-history":[{"count":59,"href":"https:\/\/timhackemack.de\/index.php?rest_route=\/wp\/v2\/pages\/513\/revisions"}],"predecessor-version":[{"id":2772,"href":"https:\/\/timhackemack.de\/index.php?rest_route=\/wp\/v2\/pages\/513\/revisions\/2772"}],"wp:attachment":[{"href":"https:\/\/timhackemack.de\/index.php?rest_route=%2Fwp%2Fv2%2Fmedia&parent=513"}],"curies":[{"name":"wp","href":"https:\/\/api.w.org\/{rel}","templated":true}]}}